or of 1439126532 and 3492?
3492
Calculate the highest common divisor of 10333655 and 15.
5
What is the greatest common divisor of 316422 and 1422?
18
Calculate the greatest common factor of 485136 and 816.
48
Calculate the greatest common factor of 1452 and 998778.
66
What is the highest common divisor of 493 and 319174?
29
Calculate the highest common factor of 657629 and 45711926.
13421
What is the highest common divisor of 6 and 3051747?
3
Calculate the highest common divisor of 46340 and 8340.
20
Calculate the greatest common factor of 326155 and 1885.
5
What is the greatest common divisor of 111 and 9373691?
37
What is the highest common divisor of 1449615 and 263895?
3615
What is the greatest common factor of 294587836 and 2712?
452
Calculate the greatest common factor of 26960313 and 6513.
501
What is the greatest common divisor of 146788217 and 11713?
901
Calculate the greatest common divisor of 42688632 and 31416.
2856
What is the highest common divisor of 125 and 190174175?
25
Calculate the greatest common factor of 1504 and 2619104.
32
What is the highest common factor of 112 and 51779952?
112
What is the greatest common factor of 35648398 and 2?
2
Calculate the greatest common factor of 675768 and 3849480.
888
Calculate the greatest common factor of 128623 and 275317.
1063
Calculate the greatest common factor of 60865 and 615465.
235
Calculate the greatest common factor of 1415828 and 28764.
3196
What is the greatest common factor of 880561967 and 188?
47
Calculate the greatest common factor of 114036 and 4485.
39
Calculate the greatest common divisor of 305718087 and 74.
37
Calculate the greatest common divisor of 26232 and 35688.
24
Calculate the highest common divisor of 218047320 and 135.
45
Calculate the highest common factor of 38 and 31091809.
19
Calculate the greatest common divisor of 46767807 and 493.
29
What is the greatest common factor of 14728642 and 118?
118
Calculate the highest common divisor of 5376 and 3381.
21
Calculate the greatest common factor of 378 and 124553052.
54
What is the highest common divisor of 41968 and 373584?
688
Calculate the greatest common factor of 10 and 56149825.
5
Calculate the greatest common divisor of 11805 and 54541461.
2361
What is the greatest common factor of 2295757 and 11153?
587
What is the highest common factor of 1024534 and 14?
14
What is the greatest common factor of 36421 and 155848?
847
Calculate the greatest common factor of 2151863600 and 400.
400
What is the greatest common divisor of 19510 and 1385?
5
What is the greatest common factor of 16204 and 302261314?
8102
What is the highest common divisor of 3633 and 46865?
7
Calculate the greatest common factor of 29986 and 5896.
22
What is the highest common factor of 2608988 and 416876?
4684
What is the highest common factor of 221670 and 15204099?
2463
Calculate the greatest common factor of 445208 and 3800.
152
Calculate the highest common factor of 201 and 1855498.
67
Calculate the greatest common divisor of 81326719 and 601.
601
What is the greatest common divisor of 4 and 199957964?
4
What is the highest common divisor of 25956 and 48015716?
2884
Calculate the greatest common factor of 1315 and 363065.
5
Calculate the highest common divisor of 14250 and 255588.
114
What is the greatest common divisor of 1125 and 38155815?
45
What is the highest common factor of 61 and 12309007?
61
What is the highest common factor of 400 and 3370592?
16
Calculate the highest common divisor of 1236 and 426778028.
412
What is the greatest common factor of 24 and 200966728?
8
Calculate the greatest common divisor of 369083 and 199.
1
What is the highest common factor of 2943379 and 7?
1
What is the greatest common factor of 90354399 and 3405?
681
Calculate the highest common divisor of 77 and 107657.
11
Calculate the greatest common factor of 17099133 and 927.
309
Calculate the highest common factor of 224136 and 47261.
283
What is the highest common factor of 653554476 and 1026?
342
Calculate the highest common factor of 9040082 and 16.
2
What is the highest common divisor of 1491 and 11612405?
497
What is the highest common factor of 736330 and 1829569?
469
What is the greatest common factor of 1957 and 6009453?
19
Calculate the highest common divisor of 1188 and 7143532.
44
Calculate the highest common divisor of 34503 and 12698747.
1643
Calculate the highest common factor of 706 and 27427394.
706
Calculate the highest common divisor of 80410 and 2217820.
1870
What is the greatest common divisor of 147840 and 13503?
21
Calculate the highest common factor of 3411 and 5697507.
1137
What is the highest common factor of 271 and 30366905?
271
Calculate the highest common divisor of 4286400 and 5076.
564
What is the highest common factor of 272 and 5354624?
16
What is the greatest common divisor of 402640 and 478128?
112
What is the greatest common divisor of 449108 and 62304?
2596
Calculate the greatest common factor of 260763793 and 787.
787
Calculate the highest common divisor of 10656 and 1090923984.
5328
What is the highest common factor of 9666950 and 53198?
794
Calculate the greatest common divisor of 15611298 and 4.
2
Calculate the greatest common divisor of 703653258 and 4389.
4389
Calculate the greatest common factor of 1975 and 43325575.
1975
Calculate the greatest common divisor of 4213493 and 1234.
617
Calculate the highest common factor of 2169525 and 1200.
75
What is the highest common factor of 15800000 and 175?
25
What is the greatest common factor of 23187876 and 159963?
2253
Calculate the greatest common divisor of 1337532 and 84.
84
What is the highest common factor of 572908 and 169060?
316
What is the greatest common divisor of 21896 and 128146?
34
What is the greatest common divisor of 2611992 and 1806?
258
What is the highest common factor of 604945 and 2635?
85
Calculate the greatest common factor of 130993984 and 1408.
704
Calculate the highest common factor of 46768085 and 7.
7
What is the highest common factor of 18 and 47801250?
18
Calculate the greatest common factor of 3915292 and 20.
4
What is the highest common divisor of 32 and 6491648?
32
What is the highest common divisor of 1424312 and 7016?
8
What is the highest common divisor of 101553974 and 4921?
703
Calculate the greatest common factor of 13938 and 16095966.
606
Calculate the highest common factor of 91624692 and 9.
3
What is the greatest common factor of 9 and 176350899?
3
Calculate the highest common divisor of 1538509395 and 1110.
555
What is the greatest common divisor of 544 and 18232177?
17
Calculate the greatest common factor of 39540195 and 246.
123
What is the highest common divisor of 51198 and 619941?
1113
What is the greatest common factor of 6104 and 30426151?
763
What is the highest common factor of 4826964 and 1524?
12
Calculate the greatest common divisor of 230 and 56753834.
46
Calculate the greatest common divisor of 580641 and 8399.
37
What is the greatest common factor of 26 and 99457072?
26
What is the greatest common divisor of 41823194 and 98?
14
Calculate the highest common factor of 18865 and 34404860.
245
Calculate the greatest common factor of 321877081 and 95.
19
Calculate the greatest common divisor of 13017185 and 380.
95
What is the greatest common divisor of 44 and 96985724?
44
Calculate the highest common divisor of 81948458 and 3194.
3194
Calculate the greatest common factor of 22062 and 112336027.
3677
Calculate the highest common divisor of 1131305 and 4130.
35
Calculate the highest common divisor of 74938556 and 77.
77
Calculate the greatest common divisor of 13224 and 809448.
696
What is the greatest common divisor of 71222742 and 2628?
1314
Calculate the greatest common factor of 22 and 8184473.
11
Calculate the greatest common factor of 131 and 2058531773.
131
Calculate the greatest common divisor of 1617 and 12844909.
539
What is the greatest common divisor of 2073885 and 13035?
165
Calculate the highest common factor of 585 and 1605955.
65
Calculate the highest common divisor of 38 and 702675271.
19
Calculate the highest common divisor of 423894 and 75938.
86
What is the highest common divisor of 11298275 and 5300?
1325
Calculate the greatest common factor of 23448 and 104136.
24
What is the highest com